
Let q(x) = -4*x. Let f be q(-1). Suppose 0 = f*b - 155 - 53. Suppose b = -0*y + 4*y. What are the prime factors of y?
13
Let g = 172 + -116. Let x = -18 + g. Let q = x + -7. List the prime factors of q.
31
Suppose -3*k + 0*k + 9 = 0. Suppose -k*g + 0*g - 18 = 0. What are the prime factors of (g - -45)/(3/2)?
2, 13
Let n = 501 + -312. Let h = n - 98. List the prime factors of h.
7, 13
Let u(t) = 2*t - 14. Let m be u(8). Suppose 2*x - y - 109 = -4*y, 2*x + m*y - 104 = 0. List the prime factors of x.
47
Let w(d) = -d**3 - 6*d**2 + 12*d - 11. What are the prime factors of w(-8)?
3, 7
Suppose 0 = -5*c + 22 + 3. Suppose 0 = -c*h + 10, z = 5*z - 4*h - 28. What are the prime factors of (0 - (4 + -3)) + z?
2
Let j = 1808 + -1188. What are the prime factors of j?
2, 5, 31
Suppose 0 = 5*v + 2*c - 864, 184 - 538 = -2*v + 2*c. List the prime factors of v.
2, 3, 29
Let i(y) = -3*y**3 + 4*y**2 + 5*y - 2. Let u be i(4). Let r = 165 + u. List the prime factors of r.
5, 11
What are the prime factors of 4/(-6) - (-28104)/36?
2, 3, 5, 13
Suppose -4*y + 3483 = 4*n - 3*y, 0 = -2*n + 2*y + 1744. List the prime factors of n.
13, 67
Suppose -2*t + 4*t = 10. Let p = 14 + t. What are the prime factors of p?
19
Suppose -77*q = -68*q - 15786. What are the prime factors of q?
2, 877
Suppose -3*d - y - 3 + 738 = 0, 477 = 2*d + 5*y. List the prime factors of d.
2, 3, 41
Let j(a) = a**2 - a - 2. Let i be j(5). Suppose 0*d = -d + w + i, 2*d - 27 = 5*w. Let v = d - 17. List the prime factors of v.
2
Let x(r) = -r**3 - 11*r**2 - 7*r - 15. Let q = -8 + -3. List the prime factors of x(q).
2, 31
Suppose 2*o + 3*s - 8*s = 824, 2*s - 1648 = -4*o. What are the prime factors of o?
2, 103
Suppose -u = -3*f + 1396, -16 + 22 = 3*u. What are the prime factors of f?
2, 233
Suppose 44*g - 64*g + 43120 = 0. List the prime factors of g.
2, 7, 11
Let q = -8 + 9. Let l(v) = -13*v + 6 + v**2 + 3 - q. What are the prime factors of l(13)?
2
Let h = 0 - 0. Suppose -2*p + 2 + 0 = h. What are the prime factors of (2/(-6))/(p/(-21))?
7
Suppose 4*a - 7*a + 1284 = 3*c, c = 5*a - 2110. What are the prime factors of a?
3, 47
Let f(t) = 79*t + 7. Let z be f(4). Suppose -4*v + 2*w + z = 5*w, 3*v = -w + 241. Suppose 0 = -8*g + 12*g - v. List the prime factors of g.
2, 5
Let n(r) = r**2 + 9*r - 5. Let w be n(-10). Suppose -g = w*q + g - 448, 164 = 2*q - 3*g. List the prime factors of q.
2, 11
Let x(n) = n**2 - n + 2. Let j be x(2). Suppose -7*h - 2*s = -3*h - 8, 5*h = j*s + 10. What are the prime factors of h?
2
Suppose -4*f + 677 - 41 = 0. Let l = f - 100. List the prime factors of l.
59
Let f be (-5 - -6)/((-2)/18). Suppose 0 = 4*c - 5*d - 3, 0 = 2*d + 3*d + 15. List the prime factors of 0/(6/c) - f.
3
Suppose -12*p + 942 = -3186. What are the prime factors of p?
2, 43
Suppose -5*i - 25 = -4*i + 2*c, 4 = -4*c. Let y = -14 - i. List the prime factors of y.
3
Let p(x) = 23*x**2 + 3*x + 2. Let f be p(-6). Suppose -162 = 5*l - f. List the prime factors of l.
2, 5, 13
What are the prime factors of -6 + 2702 + (-15 - -14)?
5, 7, 11
Let o(j) = 19*j + 20. Suppose -4*y + 4*w - 4 = -8, -5*y + 29 = w. What are the prime factors of o(y)?
5, 23
List the prime factors of ((-2418)/(-8) - -2) + (-3)/12.
2, 19
Let w = -14 + 19. Suppose -w*m = -4*s + 439, -3*s = 3*m - 4*m - 90. Let v = 127 + m. What are the prime factors of v?
2, 5
Suppose -1099 = -14*u + 49. Suppose 20 = 2*x - 216. Let s = x - u. List the prime factors of s.
2, 3
Suppose 0 = 8*y - 3*y. Suppose 0 = -3*u - 0*u + 4*q - 75, -u - 3*q - 25 = y. Let v = 50 + u. List the prime factors of v.
5
Let f be (-1 + 6)/(0 + -1). Let a be f*(-52)/8*2. Let c = -2 + a. What are the prime factors of c?
3, 7
Suppose -2*b - 12 = -22. Suppose -2*f - 767 = -b*v, -2*v + f + 2*f + 298 = 0. What are the prime factors of v?
5, 31
Suppose -2*j + 43 = -3*x, -3*j - 3*x + 120 = 18. Let u = j + 133. List the prime factors of u.
2, 3
Suppose -31 = -13*d - 512. List the prime factors of (358/(-6))/(d/111).
179
Let v(u) = 74*u**2 + 22*u - 23. What are the prime factors of v(-6)?
13, 193
Suppose 5*v + 4*d = v - 20, v = 4*d + 20. Let w(h) = h**2 - 2*h + 173. Let s be w(v). Suppose -4*o - 17 = -s. List the prime factors of o.
3, 13
Let x = 246 - -270. What are the prime factors of x?
2, 3, 43
Suppose -x - 435 = -4*x. Let i = x + -76. What are the prime factors of i?
3, 23
Let d be 4*1/(-3) - 14/21. List the prime factors of 18 + (0/(8/d))/1.
2, 3
Suppose 8*b - 7 = -23. List the prime factors of ((-2)/(-1) - -45) + (b - 1).
2, 11
Suppose -45*s + 6334 + 27146 = 0. What are the prime factors of s?
2, 3, 31
Let d(g) = 2*g - 36. Let n be d(16). What are the prime factors of 0 - (3 + n + 668/(-4))?
2, 3, 7
Let n(m) = 14*m**2 - 7 + 0*m**2 + 13*m - m**3 - 5*m**2. Let d be n(9). Suppose v - d = -4*v. List the prime factors of v.
2, 11
Let x = -18 + 23. Let k be 7 + (4 - x) - 2. List the prime factors of (76/(k/1))/1.
19
Suppose 4*o - 38 = 5*j, 0 = j - 4*o - 0 - 2. Let a = 11 + j. Suppose 24 = c + a. List the prime factors of c.
23
Suppose -8*n + 3*n - 3*j = 385, 5*j = 0. Let k = n - -163. Suppose 5*d - 5*v = 145, -3*v - k + 247 = 5*d. What are the prime factors of d?
31
Suppose 5*i - 2*i + 2*h - 1423 = 0, 1433 = 3*i + 4*h. List the prime factors of i.
3, 157
Suppose 2*w + 21 = -21. Let x(s) = s**2 + 19*s + 42. List the prime factors of x(w).
2, 3, 7
Let s be 3*(176/(-6))/4. Suppose 0 = -5*w + 5*t - 50, -3*w + 0*w = 2*t + 15. Let m = w - s. List the prime factors of m.
3, 5
What are the prime factors of (-33)/(-99) + 10/(-3)*-137?
457
Suppose 6*o - 28 = 2*o. Let f = 4 + o. Suppose -f = b - 65. What are the prime factors of b?
2, 3
Let d(f) be the second derivative of -21*f**5/20 + f**3/6 - 8*f. Let j be d(1). Let i = -16 - j. List the prime factors of i.
2
Suppose 4*h - 5*o - 667 = 0, -5*o - 588 - 252 = -5*h. List the prime factors of h.
173
Suppose -5*t + 2790 = -5*f, 0*t - t = f - 568. What are the prime factors of t?
563
What are the prime factors of 693/(-44)*-46*2?
3, 7, 23
Suppose 2*h + 5*u - 331 = 0, 4*u - u + 138 = h. Suppose 5*p = 27 + h. What are the prime factors of p?
2, 3
Suppose -3*l = 6*t - t - 183, 4*t = 0. What are the prime factors of l?
61
Let g = 921 - 129. What are the prime factors of g?
2, 3, 11
Let p(c) = c**3 - 8*c**2 - 17*c + 18. What are the prime factors of p(17)?
2, 5, 233
Suppose 3*b - 2*h + 307 = 0, 0 = -b + 3*h + 3 - 110. Let i = b + 142. List the prime factors of i.
41
Let j be (2 - -48) + (-8)/(-8). Suppose -g - 2*g + j = 0. What are the prime factors of g?
17
Let k(h) = 7*h**2 + 6*h - 3. Let d be k(3). Suppose -4*u - 130 = -3*f, 2*f + u - 5 = d. List the prime factors of f.
2, 3, 7
Let c = -27 + 817. What are the prime factors of c?
2, 5, 79
Let l be 10/(-25) - (-12)/5. Let s(x) = x + 2*x - l*x + 23. What are the prime factors of s(0)?
23
Let j = 1 + -1. Suppose g = w + 71, j*g + w - 73 = -g. Suppose 11*v - g = 9*v. What are the prime factors of v?
2, 3
Let a(r) = -154*r**2 + 6*r - 6. Let c be a(2). List the prime factors of ((-24)/(-20))/((-4)/c).
3, 61
Let s = -73 + 109. Let j = 68 - s. List the prime factors of j.
2
Suppose 0*f - 2*f + 1190 = 0. What are the prime factors of f?
5, 7, 17
Suppose 4*z = 1128 + 7576. What are the prime factors of z?
2, 17
Suppose 0 = -5*y - 2*u + 233 + 127, -2*y - 2*u + 138 = 0. Let v be (-8440)/200 - (-2)/10. Let h = v + y. List the prime factors of h.
2
What are the prime factors of (6 + 1428/(-35))*-5?
2, 3, 29
Suppose 2*d + 6*o = 2*o + 1160, -3 = 3*o. Suppose 793 = 5*q - d. What are the prime factors of q?
5, 11
Let i be (9/(-6))/(5/280). Let f = i - -159. Suppose l - 399 = -5*m, m - 2*l = -7*l + f. List the prime factors of m.
2, 5
Let v = -638 + 1171. What are the prime factors of v?
13, 41
Let q(m) = 4*m + 12. Let w be q(13). Let y = 190 - w. What are the prime factors of y?
2, 3, 7
Let c(n) = 7*n + 3*n + 0*n + 2*n - 8. What are the prime factors of c(8)?
2, 11
Let m = 515 - 354. What are the prime factors of m?
7, 23
Let t be (-15)/6*(0 + (-42)/15). Suppose t*i = 9*i - 180. List the prime factors of i.
2, 3, 5
Let s(h) = -87*h - 2 - 1 - 3*h - 35*h. List the prime factors of s(-2).
13, 19
Let w(f) = -2*f - 6. Let m be w(3). Let s = -7 - m. What are the prime factors of s?
5
Let c = 51 - 26. Let n(z) = z**3 + 5*z**2 - z. Let v b